 -4?
0
What is the value of (4 - 4 - 14) + 11?
-3
2 - 5 - (4 + -11 + 2)
2
Calculate 16 - (-11 + 20) - 10.
-3
-3 + 1 + -1 - 2
-5
8 + (-8 - -3) - -1
4
Evaluate (46 - 45 - (1 + -6)) + -4.
2
(13 - 13) + 0 + 5
5
Calculate 7 - (2 + (9 - 3)).
-1
What is 6 + (-3 - (4 + -3))?
2
Evaluate -4 + (0 - (-6 - -4)).
-2
What is 10 - (-5 + (19 - -4))?
-8
Calculate (5 - (-3 + (-4 - -12))) + 0.
0
Evaluate 1 + (-9 + 6 - 4).
-6
-5 - (-5 + (2 - (2 + 4)))
4
Calculate -5 - (-1 - (-3 - -2) - 3).
-2
Calculate 14 - 11 - (3 - -2).
-2
What is 16 - (-4 - (1 + (6 - 19)))?
8
What is the value of -7 + -3 + 6 - (-1 + 1)?
-4
What is (61 - 56) + -1 + 1 + -2?
3
1 + (-1 - (2 - -1))
-3
Calculate -6 + -2 + 5 + 3 - 4.
-4
What is (4 - (19 - 6)) + 7?
-2
Evaluate 0 - (-3 + 1 + 0) - 4.
-2
What is 3 + (0 - (-1 - 3)) + -4?
3
What is the value of 3 + 0 + (3 - 7 - -4)?
3
What is the value of -7 + 0 + (6 - -6)?
5
What is the value of -1 + (3 - -3) - 10?
-5
What is the value of -4 - (-2 - -9 - 8)?
-3
Evaluate (-1 - 4 - -10) + (-10 - -2).
-3
What is the value of (0 + 1 + -3 - -5) + -5?
-2
Calculate 0 - 2 - (-15 - -2 - -11).
0
Evaluate 3 + -2 + -4 - (17 - 23).
3
What is the value of 3 - 8 - -3 - (7 - 11)?
2
Evaluate 1 + (6 - -1) + -4.
4
What is the value of -1 - 0 - (-3 - (0 - 1))?
1
What is -6 - (4 - (11 - (7 - 0)))?
-6
Evaluate -174 + 178 + 1 + 4.
9
What is the value of 0 - 0 - (20 + -18)?
-2
What is (1 - (0 + -2)) + -4?
-1
Evaluate -25 + 19 - (-3 - 0) - -5.
2
(12 - (-9 - -16)) + (-2 - 0)
3
Evaluate (-5 - -1) + (-117 - -124).
3
Calculate 4 + 0 + (-23 - -23).
4
What is the value of 62 + -64 - (-1 - 0)?
-1
What is the value of (-4 - ((7 - 4) + -3)) + 9?
5
(-3 - -1) + (-9 + 5 - -2)
-4
What is (9 - (-2 + 9)) + 0?
2
Calculate 5 + -15 + 4 + 11.
5
What is 5 - (6 + 3) - (-2 + 0)?
-2
What is (3 + -2 - 2) + (-4 - -5)?
0
Calculate -8 + 0 + 3 + 0 - -3.
-2
Calculate -4 + (1 - (-4 + -2)).
3
What is the value of -9 + (-21 + 21 - (-1 - 0))?
-8
Calculate 1 + 1 + -3 - (1 - 1).
-1
-2 + -5 + -1 + 6 + 0
-2
Evaluate (2 + 0 - 0) + 223 + -218.
7
Evaluate 0 + 8 + -83 + 80.
5
What is the value of (7 - 1) + (10 - 3 - 9)?
4
What is 0 + (-1 + 1 - 3)?
-3
What is -1 + (2 - 2) - -3?
2
Evaluate -1 + -8 + 12 - -3.
6
-4 + (1 - -2 - 4)
-5
-3 - (0 - 0 - 3) - -3
3
Calculate (-5 - -2) + 4 + 4.
5
4 + -1 + (-10 - -12 - 6)
-1
What is 7 + (3 - 4) - 7?
-1
What is the value of 1 + 5 - (1 - (-1 - -1))?
5
Evaluate -3 - (-11 + -7) - 9.
6
What is -3 + -6 + -4 + 2 - -4?
-7
What is 11 + -4 + 2 + (-20 - -15)?
4
Calculate 11 + (-2 - (1 + 3 + -1)).
6
Evaluate -4 + (6 - 5) + 4.
1
Calculate -4 + 2 + 5 + 1 + -1.
3
Calculate (6 - 11 - -6) + 0 + 1.
2
Evaluate -2 + 1 - (10 + -15).
4
-2 + -6 - (-35 + 33)
-6
What is the value of (24 + -6 - 9) + -11?
-2
What is -51 - -52 - (-1 + -1) - -4?
7
What is 5 - (1 + 1 + 11 + -11)?
3
Calculate -3 + 9 + (4 - 4).
6
5 - 1 - (-5 - -12)
-3
Evaluate -11 + (-6 - (-3 + -6)) - -1.
-7
-3 - -1 - (-9 + (23 - 13))
-3
Evaluate -7 - (-1 - -3) - (27 + -29).
-7
Evaluate 6 + -2 + 5 + -10.
-1
Calculate 1 + -9 + 6 + -3 + 2.
-3
Calculate (-13 - -7) + 2 + -3 - -2.
-5
-1 - (0 + 1) - (-4 - -1)
1
Evaluate 0 + (-10 - -12) + (0 - 0).
2
What is 0 - (-2 - 0 - (1 - 3))?
0
Calculate 3 - (-3 + 17 + -8).
-3
Evaluate -2 + -1 - 1 - -1 - -7.
4
(-4 - (-3 + -6)) + -5 - -6
6
14 - (-10 + 9) - 10
5
What is the value of -1 + 7 + (6 - (-5 + 12))?
5
Evaluate 11 - ((-5 - -4) + 6 - 1).
7
What is (-1 - 2) + 2 + -17 + 21?
3
Calculate 6 - ((-1 - -1) + 8).
-2
(-87 - -85) + -6 + 0
-8
What is 7 + (1 + -1 - 4) + 2?
5
8 + (-6 - 0) + 3
5
-10 + 8 + (2 - -1)
1
What is (-1 - 0) + (5 - 1)?
3
What is the value of 11 + -3 + 1 + -3 + -1?
5
What is the value of 11 - 13 - (3 - 3)?
-2
Evaluate 17 + -19 + (4 - (-2 + 3)).
1
Evaluate 3 - (17 + 5 + -15).
-4
Evaluate 0 - (-8 - -12 - 0).
-4
Evaluate 0 + 3 - (2 + 4) - -7.
4
What is the value of (-5 - -6) + 0 + -4?
-3
1 + -2 + (-2 - 0) + 5
2
What is (-1 - -3) + -1 + -5?
-4
Evaluate -1 - (2 + 3 + -7 + 5).
-4
(-4 - (-10 - -8)) + 8
6
Evaluate 4 - (8 - ((-2 - -6) + 2)).
2
Calculate -4 + (6 - (-3 + 3 + 3)).
-1
(1 + 3 - (-90 - -99)) + -1
-6
What is (-8 - -4) + (1 - 1) - -1?
-3
(4 - -6) + (0 + -5 - -5)
10
Calculate (2 - (-6 - -6)) + 4 + -11.
-5
Evaluate 185 + -188 - (-1 + 4).
-6
Calculate (2 - 0) + (0 - -3).
5
-8 + 1 - (-34 - -28)
-1
Calculate (-1 - -7) + -3 + -3.
0
What is 2 + 2 + -4 + 1?
1
Evaluate -4 + (4 - 1) + -17 + 20.
2
What is the value of (-2 - (-6 + 2)) + 3?
5
Evaluate -2 - (5 + -3 + 0).
-4
What is 6 + (-4 - 1) + (-2 - -3)?
2
What is -5 + 3 - 6 - (-1 - 4)?
-3
What is (-4 - 1) + -36 + 33?
-8
What is the value of (-7 - (8 - 6)) + 10?
1
What is the value of -3 + 3 + -4 + 6 + 1?
3
Calculate -4 + (-1 - (-5 - -3)) + 1.
-2
Calculate 7 + (-2 - 3 - -6) + -10.
-2
Calculate (-1 - 4) + (0 - 3) + 6.
-2
What is the value of -4 + (0 - (-3 - -3))?
-4
What is the value of -1 + -8 - (51 + -53)?
-7
What is the value of 1 + -15 + 7 + 9?
2
0 + 7 + -11 + 2
-2
What is 1 + (-7 - (8 - 19)) + -9?
-4
What is 4 - (-2 + (4 - 2))?
4
Evaluate -2 - 0 - (-6 - (-4 + 2)).
2
Calculate -4 - (4 + (-2 - 4)).
-2
-2 - (-3 - (-3 + 5))
3
What is -6 - (12 - -1) - -15?
-4
Evaluate -3 - (-10 + 10) - -4.
1
(0 - -2) + 6 - 7
1
What is 3 - -1 - (2 + -3)?
5
Calculate 2 + -1 + 6 - (3 + -1).
5
Calculate 11 + -5 + -5 + 6 + 0.
7
-6 - 1 - (-13 + 11)
-5
What is the value of -6 + -4 + (2 - -9)?
1
What is the value of -38 - -41 - (1 + -1 - 2)?
5
What is the value of -5 + 15 + 7 + -11?
6
Calculate -8 + 7 + -8 - -15.
6
What is 1 + -6 + 2 + 2 + 0?
-1
Calculate (-7 - 3) + 4 - (0 - 2).
-4
Evaluate 2 - (-2 - ((4 - 14) + 5)).
-1
(6 + -4 - (0 + 0)) + -6
-4
(10 + -1 - 1) + 11 + -13
6
Evaluate -12 + 0 + (8 - 1).
-5
What is 1 + (3 - (6 + 0))?
-2
-7 - (5 - 12) - -3
3
Calculate -2 + 5 + -4 + 2.
1
2 - (-4 - -6 - 1 - 4)
5
What is 4 + 0 + 6 - 6?
4
What is 3 + 0 + 0 + -7?
-4
-10 + 1 - -8 - 2
-3
What is the value of 0 + -5 + 8 - 5?
-2
What is 4 - ((2 - 1 - 4) + 2)?
5
-7 + (-3 - -2 - -2)
-6
Evaluate -6 + -7 - (-10 - 2).
-1
20 + -22 - (-1 + -3 - 0)
2
What is (-45 - -46) + 2 + (-7 - -2)?
-2
What is the value of -13 + (-7 - 3 - -27)?
4
Evaluate -12 + 4 + 4 - (-9 + -1).
6
-10 + -1 - (4 + -6)
-9
What is the value of 0 - (7 + 2 + -4)?
-5
What is the value of -3 + (-1 + 0 - -2)?
-2
Evaluate (5 - 2) + 6 + -14 - -9.
4
(1 - (-1 - -1)) + -40 + 36
-3
7 + -2 + (-5 - -5) + -1
4
-1 - -4 - (4 + 0)
-1
(8 + 1 - 1) + (3 - 8)
3
2 + 0 - (4 + 1 + 2)
-5
-11 + -2 + -4 + 22
5
What is the value of 8 + 0 + -3 + -1?
4
What is (-3 - 0) + 16 - (9 - 4)?
8
What is the value of -1 - ((-3 - 1) + -6 + 13)?
-4
Calculate -16 + -8 + 16 - -15.
7
Calculate 3 - 5 - (-3 - (3 - 9)).
-5
What is 9 - 14 - (-5 - (-3 + 1))?
-2
Calculate -4 - 1 - (3 - 13).
5
13 - (0 - (-6 - 3))
4
-3 - ((5 - 1) + -8 + 5)
-4
-1 + (2 - -4) - 1
4
Evaluate (4 - (6 + -4)) + 3.
5
Calculate 1 + 2 + -4 + 6.
5
Calculate -14 + (-6 - -14) + (6 - 0).
0
(0 + 5 - (-8 + 15)) + 11
9
What is -16 + 13 - (3 - 6 - 0)?
0
What is the value of 4 + -4 + 1 + 1?
2
Calculate (-3 - (-7 - -5)) + 7.
6
4 + -6 + 1 - -3
2
Evaluate 4 - (20 + (-4 - 6)).
-6
What is the value of (-4 - -4 - -1) + -1?
0
Calculate -2 - (1 + 0 + -1).
-2
Calculate 8 + (5 + 0 - 8).
5
-1 + 5 - (-6 - -7)
3
Evaluate -2 - (-5 + (1 - (-2 + 0))).
0
What is the value of 6 + (-3 - (5 + -4))?
2
5 - 2 - ((-4 - -9) + -1)
-1
(-6 - -3) + (-1 - -1)
-3
Calculate 5 + -4 + -2 + 2 + 0.
1
0 - -3 - 4 - (75 + -69)
-7
Calculate 8 + 3 + -22 - -6.
-5
What is the value of -5 - (14 + -25 - (-3 + -2))?
1
What is the value of 7 - (-1 - (-5 + (12 - 5)))?
10
-5 - (3 - 4) - (-15 - -9)
2
What is the value of (0 - 4) + 3 + -2 + 5?
2
What is (3 - 8) + 9 + -6?
-2
What is the value of 15 + (-5 - 0) + -5?
5
Evaluate -1 - (-7 - (-7 + 4)).
3
Evaluate 0 + (-3 - (-8 - -3)).
2
What is the value of (-2 - 2) + 1 - (88 + -81)?
-10
Evaluate (4 - (3 + -1)) + (-10 - -3).
-5
What is the value of 17 + (-6 - 13 - -8)?
6
9 - (-2 + 4) - 0
7
Evaluate 3 - ((-1 - (-3 + -1)) + -1).
1
Calculate (0 - 1 - -2) + -9 + 11.
3
-5 + 9 - 2 - (-2 + 6)
-2
What is the value of 6 + (-14 + 19 - (3 - 1))?
9
What is 8 - 0 - (-16 - (-47 + 24))?
1
What is -5 - -1 - (-22 - -28 - 11)?
1
What is the value of 9 - (-4 - (-11 + 6)) - 6?
2
(-4 - (-5 - 0)) + -3
-2
What is the value of 4 + (-13 - -3) + (6 - 4)?
-4
What is 21 + -1 + -24 + 0 + -2?
-6
What is the value of -6 + -5 + -2 - -8?
-5
Evaluate (18 + -19 - (1 